14693617?
8
What is the thousands digit of 36786708?
6
What is the thousands digit of 266295493?
5
What is the thousands digit of 71310451?
0
What is the ten millions digit of 116470664?
1
What is the tens digit of 209557316?
1
What is the millions digit of 3128723929?
8
What is the hundred millions digit of 5854802517?
8
What is the ten millions digit of 19169397?
1
What is the hundreds digit of 2662247798?
7
What is the tens digit of 6091340942?
4
What is the ten millions digit of 666299574?
6
What is the thousands digit of 4782386515?
6
What is the ten millions digit of 483210124?
8
What is the thousands digit of 380111350?
1
What is the units digit of 26814915?
5
What is the hundreds digit of 849170408?
4
What is the millions digit of 646970812?
6
What is the hundred thousands digit of 42515356?
5
What is the billions digit of 4284359135?
4
What is the ten thousands digit of 151428502?
2
What is the thousands digit of 13373987?
3
What is the hundred millions digit of 590210338?
5
What is the tens digit of 2190028786?
8
What is the tens digit of 784637662?
6
What is the ten millions digit of 2147625512?
4
What is the ten thousands digit of 2401948370?
4
What is the tens digit of 2790933713?
1
What is the hundred thousands digit of 189034151?
0
What is the millions digit of 410197590?
0
What is the tens digit of 23193215?
1
What is the hundred millions digit of 3484471675?
4
What is the hundreds digit of 6392745699?
6
What is the hundreds digit of 6054124167?
1
What is the millions digit of 39452015?
9
What is the thousands digit of 301864196?
4
What is the thousands digit of 2341717188?
7
What is the hundreds digit of 572744692?
6
What is the tens digit of 949737390?
9
What is the thousands digit of 1234403537?
3
What is the ten thousands digit of 88011137?
1
What is the hundreds digit of 409320436?
4
What is the millions digit of 833032388?
3
What is the millions digit of 107196880?
7
What is the hundreds digit of 223381212?
2
What is the thousands digit of 4179841126?
1
What is the ten thousands digit of 248065465?
6
What is the ten thousands digit of 274476?
7
What is the units digit of 1651076108?
8
What is the ten millions digit of 1497938144?
9
What is the tens digit of 2768201938?
3
What is the thousands digit of 9389069?
9
What is the billions digit of 7543870979?
7
What is the hundreds digit of 241745515?
5
What is the hundred millions digit of 177166380?
1
What is the hundred thousands digit of 656701255?
7
What is the ten thousands digit of 420178158?
7
What is the millions digit of 206016500?
6
What is the units digit of 2455114795?
5
What is the hundred thousands digit of 133218413?
2
What is the millions digit of 42804988?
2
What is the thousands digit of 46766412?
6
What is the hundred thousands digit of 61378173?
3
What is the units digit of 366779923?
3
What is the millions digit of 907668703?
7
What is the thousands digit of 488192698?
2
What is the ten thousands digit of 2331971302?
7
What is the tens digit of 17867571?
7
What is the units digit of 2552454118?
8
What is the hundred thousands digit of 487995659?
9
What is the hundred thousands digit of 3309723345?
7
What is the hundred thousands digit of 94139418?
1
What is the ten thousands digit of 317122992?
2
What is the tens digit of 13384648?
4
What is the units digit of 220483211?
1
What is the units digit of 3055009914?
4
What is the hundred thousands digit of 624440410?
4
What is the ten thousands digit of 600629363?
2
What is the millions digit of 6206883?
6
What is the millions digit of 159978622?
9
What is the millions digit of 4347623?
4
What is the hundreds digit of 4781582705?
7
What is the ten thousands digit of 1099472254?
7
What is the thousands digit of 966909457?
9
What is the hundred thousands digit of 2843095?
8
What is the tens digit of 85237629?
2
What is the millions digit of 155030026?
5
What is the ten millions digit of 2591878998?
9
What is the ten millions digit of 99910166?
9
What is the ten millions digit of 56919952?
5
What is the hundred thousands digit of 2993914327?
9
What is the thousands digit of 288150822?
0
What is the hundreds digit of 19397948?
9
What is the hundred thousands digit of 16222713?
2
What is the tens digit of 642525109?
0
What is the ten thousands digit of 424812386?
1
What is the units digit of 1232377767?
7
What is the hundred thousands digit of 152801858?
8
What is the tens digit of 87463371?
7
What is the hundred millions digit of 1257553837?
2
What is the millions digit of 304757207?
4
What is the ten millions digit of 837640470?
3
What is the millions digit of 94593015?
4
What is the units digit of 2171358217?
7
What is the ten thousands digit of 1839780371?
8
What is the millions digit of 195119257?
5
What is the billions digit of 1711320491?
1
What is the billions digit of 1325107302?
1
What is the tens digit of 87395053?
5
What is the thousands digit of 38936997?
6
What is the hundred thousands digit of 56791863?
7
What is the ten thousands digit of 1530891701?
9
What is the ten thousands digit of 68651914?
5
What is the hundred thousands digit of 7844074?
8
What is the hundred millions digit of 218310495?
2
What is the ten thousands digit of 322573?
2
What is the hundred thousands digit of 139678213?
6
What is the thousands digit of 62974736?
4
What is the hundreds digit of 190295439?
4
What is the ten millions digit of 1835265579?
3
What is the hundred thousands digit of 94430504?
4
What is the millions digit of 175703274?
5
What is the units digit of 1616237722?
2
What is the hundred millions digit of 756019312?
7
What is the ten thousands digit of 798659602?
5
What is the hundreds digit of 12524250?
2
What is the hundred thousands digit of 62292237?
2
What is the ten thousands digit of 599553?
9
What is the units digit of 17115509?
9
What is the thousands digit of 1929312354?
2
What is the tens digit of 2262955331?
3
What is the hundred millions digit of 3330825123?
3
What is the units digit of 248410452?
2
What is the millions digit of 127168080?
7
What is the units digit of 47267539?
9
What is the thousands digit of 42247551?
7
What is the units digit of 152347719?
9
What is the units digit of 65644891?
1
What is the ten thousands digit of 4001345518?
4
What is the billions digit of 2052667788?
2
What is the ten thousands digit of 3623367904?
6
What is the ten thousands digit of 185717896?
1
What is the units digit of 22478604?
4
What is the millions digit of 2357262119?
7
What is the hundreds digit of 145365590?
5
What is the hundred thousands digit of 50438084?
4
What is the thousands digit of 1423481?
3
What is the hundred millions digit of 498361793?
4
What is the units digit of 331628884?
4
What is the hundred thousands digit of 112460471?
4
What is the millions digit of 106806216?
6
What is the hundred millions digit of 1594152098?
5
What is the units digit of 96820208?
8
What is the hundred millions digit of 1727967203?
7
What is the ten thousands digit of 182438583?
3
What is the units digit of 1757443154?
4
What is the hundreds digit of 709207698?
6
What is the ten thousands digit of 2873511326?
1
What is the units digit of 4906651433?
3
What is the millions digit of 1387945754?
7
What is the ten millions digit of 2910182703?
1
What is the hundred millions digit of 3217730413?
2
What is the tens digit of 10144544?
4
What is the units digit of 927849722?
2
What is the ten millions digit of 2130897271?
3
What is the millions digit of 52258404?
2
What is the hundred thousands digit of 771535921?
5
What is the hundreds digit of 1951001697?
6
What is the units digit of 905134415?
5
What is the millions digit of 64393643?
4
What is the hundred thousands digit of 1766112232?
1
What is the ten thousands digit of 405809402?
0
What is the ten thousands digit of 36558508?
5
What is the ten millions digit of 22779581?
2
What is the tens digit of 127350972?
7
What is the tens digit of 8979849?
4
What is the hundred millions digit of 395598839?
3
What is the ten millions digit of 97342096?
9
What is the ten millions digit of 212920136?
1
What is the millions digit of 117155550?
7
What is the ten thousands digit of 3868281422?
8
What is the hundred thousands digit of 5060924393?
9
What is the units digit o